
List the prime factors of 4025.
5, 7, 23
What are the prime factors of 39981?
3, 13327
List the prime factors of 1573.
11, 13
What are the prime factors of 659?
659
List the prime factors of 636.
2, 3, 53
What are the prime factors of 47618?
2, 29, 821
List the prime factors of 3503.
31, 113
What are the prime factors of 13077?
3, 1453
List the prime factors of 148.
2, 37
What are the prime factors of 814?
2, 11, 37
What are the prime factors of 6625?
5, 53
What are the prime factors of 154149?
3, 51383
List the prime factors of 1529.
11, 139
List the prime factors of 85671.
3, 19, 167
List the prime factors of 2768.
2, 173
What are the prime factors of 66872?
2, 13, 643
What are the prime factors of 890?
2, 5, 89
List the prime factors of 942.
2, 3, 157
What are the prime factors of 9130?
2, 5, 11, 83
What are the prime factors of 33496?
2, 53, 79
What are the prime factors of 2133?
3, 79
What are the prime factors of 387?
3, 43
List the prime factors of 10058.
2, 47, 107
List the prime factors of 316.
2, 79
List the prime factors of 71670.
2, 3, 5, 2389
What are the prime factors of 51146?
2, 107, 239
What are the prime factors of 6041?
7, 863
What are the prime factors of 4990?
2, 5, 499
List the prime factors of 219.
3, 73
What are the prime factors of 14948?
2, 37, 101
List the prime factors of 1510.
2, 5, 151
List the prime factors of 1140.
2, 3, 5, 19
What are the prime factors of 63051?
3, 21017
What are the prime factors of 268?
2, 67
What are the prime factors of 2283?
3, 761
List the prime factors of 5162.
2, 29, 89
What are the prime factors of 33457?
33457
List the prime factors of 988.
2, 13, 19
What are the prime factors of 2378?
2, 29, 41
List the prime factors of 5435.
5, 1087
List the prime factors of 429.
3, 11, 13
What are the prime factors of 9862?
2, 4931
What are the prime factors of 4069?
13, 313
List the prime factors of 532.
2, 7, 19
What are the prime factors of 39944?
2, 4993
What are the prime factors of 6278?
2, 43, 73
List the prime factors of 17815.
5, 7, 509
List the prime factors of 7537.
7537
What are the prime factors of 584?
2, 73
List the prime factors of 9218.
2, 11, 419
List the prime factors of 5264.
2, 7, 47
List the prime factors of 55204.
2, 37, 373
List the prime factors of 6306.
2, 3, 1051
What are the prime factors of 27526?
2, 13763
List the prime factors of 94793.
94793
List the prime factors of 50147.
50147
What are the prime factors of 1364?
2, 11, 31
What are the prime factors of 3920?
2, 5, 7
List the prime factors of 1739.
37, 47
What are the prime factors of 39067?
7, 5581
What are the prime factors of 715?
5, 11, 13
List the prime factors of 4118.
2, 29, 71
What are the prime factors of 35002?
2, 11, 37, 43
List the prime factors of 5593.
7, 17, 47
List the prime factors of 1819.
17, 107
What are the prime factors of 15781?
43, 367
What are the prime factors of 18608?
2, 1163
List the prime factors of 1558.
2, 19, 41
What are the prime factors of 10586?
2, 67, 79
List the prime factors of 50.
2, 5
What are the prime factors of 105075?
3, 5, 467
What are the prime factors of 478?
2, 239
List the prime factors of 93893.
93893
What are the prime factors of 31894?
2, 37, 431
List the prime factors of 7361.
17, 433
List the prime factors of 65226.
2, 3, 7, 1553
What are the prime factors of 22706?
2, 11353
List the prime factors of 1221.
3, 11, 37
What are the prime factors of 24366?
2, 3, 31, 131
List the prime factors of 30896.
2, 1931
List the prime factors of 949.
13, 73
What are the prime factors of 8756?
2, 11, 199
What are the prime factors of 2853?
3, 317
List the prime factors of 3218.
2, 1609
List the prime factors of 1585.
5, 317
List the prime factors of 9377.
9377
List the prime factors of 18944.
2, 37
List the prime factors of 13696.
2, 107
What are the prime factors of 86788?
2, 13, 1669
List the prime factors of 1761.
3, 587
List the prime factors of 65952.
2, 3, 229
List the prime factors of 1497.
3, 499
List the prime factors of 927.
3, 103
List the prime factors of 1658.
2, 829
List the prime factors of 31628.
2, 7907
What are the prime factors of 5456?
2, 11, 31
List the prime factors of 55370.
2, 5, 7, 113
List the prime factors of 5984.
2, 11, 17
What are the prime factors of 16597?
7, 2371
List the prime factors of 6422.
2, 13, 19
List the prime factors of 42262.
2, 11, 17, 113
What are the prime factors of 468?
2, 3, 13
List the prime factors of 1033.
1033
What are the prime factors of 1620?
2, 3, 5
What are the prime factors of 12537?
3, 7, 199
List the prime factors of 51212.
2, 7, 31, 59
List the prime factors of 2729.
2729
What are the prime factors of 19158?
2, 3, 31, 103
What are the prime factors of 26048?
2, 11, 37
List the prime factors of 18886.
2, 7, 19, 71
What are the prime factors of 821?
821
List the prime factors of 25324.
2, 13, 487
List the prime factors of 2152.
2, 269
What are the prime factors of 12362?
2, 7, 883
What are the prime factors of 615?
3, 5, 41
What are the prime factors of 73976?
2, 7, 1321
What are the prime factors of 1211?
7, 173
List the prime factors of 2540.
2, 5, 127
What are the prime factors of 1489?
1489
What are the prime factors of 1938?
2, 3, 17, 19
What are the prime factors of 2608?
2, 163
List the prime factors of 18893.
7, 2699
What are the prime factors of 172910?
2, 5, 17291
What are the prime factors of 1021?
1021
What are the prime factors of 617?
617
What are the prime factors of 11166?
2, 3, 1861
List the prime factors of 1216.
2, 19
What are the prime factors of 28984?
2, 3623
What are the prime factors of 49888?
2, 1559
List the prime factors of 37841.
79, 479
List the prime factors of 2082.
2, 3, 347
What are the prime factors of 17409?
3, 7, 829
What are the prime factors of 803?
11, 73
What are the prime factors of 12754?
2, 7, 911
List the prime factors of 403.
13, 31
What are the prime factors of 433?
433
What are the prime factors of 4749?
3, 1583
List the prime factors of 1353.
3, 11, 41
What are the prime factors of 7924?
2, 7, 283
List the prime factors of 5342.
2, 2671
List the prime factors of 121.
11
What are the prime factors of 103378?
2, 11, 37, 127
What are the prime factors of 38319?
3, 53, 241
List the prime factors of 18346.
2, 9173
What are the prime factors of 64914?
2, 3, 31, 349
List the prime factors of 6027.
3, 7, 41
List the prime factors of 28878.
2, 3, 4813
What are the prime factors of 20693?
20693
List the prime factors of 65127.
3, 17, 1277
What are the prime factors of 13074?
2, 3, 2179
What are the prime factors of 18?
2, 3
List the prime factors of 343.
7
What are the prime factors of 4787?
4787
List the prime factors of 7167.
3, 2389
What are the prime factors of 14193?
3, 19, 83
List the prime factors of 4397.
4397
What are the prime factors of 4430?
2, 5, 443
List the prime factors of 4573.
17, 269
What are the prime factors of 2726?
2, 29, 47
List the prime factors of 1444.
2, 19
What are the prime factors of 48515?
5, 31, 313
List the prime factors of 815.
5, 163
List the prime factors of 427.
7, 61
List the prime factors of 122494.
2, 73, 839
What are the prime factors of 42703?
42703
List the prime factors of 2464.
2, 7, 11
What are the prime factors of 2099?
2099
List the prime factors of 21816.
2, 3, 101
List the prime factors of 220.
2, 5, 11
What are the prime factors of 60306?
2, 3, 19, 23
What are the prime factors of 15726?
2, 3, 2621
What are the prime factors of 3003?
3, 7, 11, 13
What are the prime factors of 647?
647
List the prime factors of 90696.
2, 3, 3779
What are the prime factors of 12588?
2, 3, 1049
What are the prime factors of 609?
3, 7, 29
List the prime factors of 64699.
23, 29, 97
What are the prime factors of 5998?
2, 2999
What are the prime factors of 1015?
5, 7, 29
List the prime factors of 91812.
2, 3, 7, 1093
What are the prime factors of 426?
2, 3, 71
What are the prime factors of 6052?
2, 17, 89
List the prime factors of 602.
2, 7, 43
List the prime factors of 813.
3, 271
What are the prime factors of 773?
773
List the prime factors of 2020.
2, 5, 101
List the prime factors of 3559.
3559
List the prime factors of 3140.
2, 5, 157
What are the prime factors of 2477?
2477
What are the prime factors of 4851?
3, 7, 11
List the prime factors